 highest common factor of b and 8.
8
Let o = 80 + -75. Suppose y - 2*y = o*g - 139, -157 = -y + g. Calculate the greatest common divisor of 539 and y.
77
Suppose 0 = -13*l + 2398 - 396. Let j be (8/4)/(1/l). What is the greatest common divisor of j and 44?
44
Suppose -5*g - 4*o - 398 = -7*g, 4*g + 5*o - 731 = 0. Let r = -117 + g. What is the greatest common factor of 24 and r?
24
Let u be (-2)/6 - (-156)/9. Suppose 10*h = -s + 14*h - 388, -5*s = -5*h + 1865. Let m = -334 - s. Calculate the greatest common divisor of u and m.
17
Let u = 62 + -60. Let o be 40/u*-3*(-24)/(-45). Let n = 10 - o. What is the greatest common factor of 56 and n?
14
Suppose 8*b = 5*z + 4*b + 45, -2*b = 0. Let m(s) = s**3 + 9*s**2 - 11*s - 48. Let w be m(z). What is the greatest common divisor of 85 and w?
17
Let g(n) = -52*n**2 + 3188*n + 43. Let b be g(60). What is the greatest common factor of b and 532?
133
Let p(q) = 9*q**2 - 14*q + 323. Let k be p(14). Calculate the greatest common factor of k and 31.
31
Let c be ((-3630)/40)/(1 + (-22)/16). Calculate the highest common factor of 1606 and c.
22
Suppose 3*s - 4*d + 9 = 8179, -s + 2710 = -4*d. What is the highest common divisor of 75 and s?
15
Let f(t) = 6*t**2 + 121*t + 554. Let z be f(-18). Calculate the highest common divisor of 1040 and z.
80
Suppose 63*y = 174*y - 2331. Let b be 1/1 - 2830/(-5). Suppose -d - b = -3*j + 3*d, 0 = -2*j - d + 378. What is the greatest common divisor of j and y?
21
Suppose -33*l + 27*l - 48 = 0. Let u(w) = w**3 + 7*w**2 - 18*w - 40. Let c be u(l). What is the greatest common factor of 64 and c?
8
Let k(t) = 428*t - 918. Let o be k(3). Calculate the highest common factor of o and 138.
6
Let n(r) = r**3 - 9*r**2 + 58*r + 30. Let j be n(7). What is the highest common divisor of j and 2?
2
Let a be 19/2*3*(-160)/(-24). What is the highest common factor of 350 and a?
10
Let m(j) = -j**3 - 2*j**2 + 2*j - 13. Suppose -28 = 4*s + k, 2*k - 5*k - 12 = 0. Let l be m(s). What is the greatest common divisor of l and 34?
17
Let u = 22 + -44. Let f = 26 + u. Suppose -v - 56 = -8*v. Calculate the greatest common factor of v and f.
4
Let u be 58 + -59 + (-5830)/(-2). Calculate the greatest common divisor of 62 and u.
62
Suppose 0 = -11*w + 11539 + 4142 + 57777. What is the highest common factor of w and 12?
6
Suppose 2*u - v - 275 = 0, -3*v = -2*u - 0*u + 285. Suppose u = -0*o + 3*o - 3*m, 15 = 5*m. Calculate the highest common factor of 24 and o.
24
Let u(a) = -52*a**2 - 3*a - 2. Let m be u(-1). Let z = m + 129. Suppose 5*x - 60 = -3*c, -3*c - 2*c - x = -z. What is the greatest common factor of 15 and c?
15
Suppose -c + 16*b + 162 = 28*b, -2*c + 436 = -4*b. Calculate the greatest common factor of 980 and c.
70
Suppose 93*q + 59*q - 485 - 275 = 0. Calculate the greatest common divisor of q and 307.
1
Let d = -18902 - -23760. What is the greatest common divisor of 14 and d?
14
Let d(n) = 9*n - 33. Let l be d(5). Let y = 18 + -16. Suppose -v + 90 = y*v. What is the highest common factor of l and v?
6
Suppose 333 + 3951 = 5*o + 37*o. Calculate the greatest common divisor of o and 238.
34
Let g = -21183 - -21298. What is the greatest common factor of g and 2438?
23
Let y be 3*4220/210 - 6/(-21)*-1. Suppose -51 = -k - 6. Calculate the highest common factor of k and y.
15
Suppose -178 = -d - h + 31, 3*d - 3*h = 621. What is the greatest common divisor of 1648 and d?
16
Let j = 1624 - 1382. Calculate the greatest common divisor of j and 110.
22
Let g = 2669 - 2421. Calculate the greatest common factor of g and 2356.
124
Suppose 6*j - 2*j = 4*a - 2136, 4*a + j = 2146. Suppose -1968*h + 1992*h - 54 - 193 = -55. What is the highest common divisor of h and a?
8
Let q be 2*((-1 - -1) + 9). Suppose -27*z + 8*z = -11*z + 40*z - 5616. Calculate the highest common divisor of z and q.
9
Suppose -7123*p + 7103*p + 81540 = 0. Calculate the highest common divisor of p and 27.
27
Let x be (-92 + 2/1)/(-2). Suppose -54*d = -902 - 3148. Calculate the highest common factor of x and d.
15
Let f = 198 - 198. Let a be (9 - (7 + f))/1. What is the greatest common divisor of a and 38?
2
Let r(a) = a**2 - 7*a + 9. Let u be r(8). Let k be 2*1/(-14) + 1310/7. Calculate the greatest common factor of k and u.
17
Let m(w) = -19 + 52 + 25 + 5*w - 14*w. Let t be m(-18). Calculate the highest common divisor of t and 88.
44
Let w(k) = k**2 - 3*k + 19. Let h be w(-10). Suppose -u = h - 207. What is the highest common factor of u and 203?
29
Suppose 189 + 83 = -16*u. Let g(j) = -13*j + 5. Let d be g(-4). Let l = u + d. What is the highest common factor of l and 10?
10
Suppose -2*y = 5*o - 104, -5*y - o - 9794 = -10008. Suppose 6 = -t + 2*t. What is the highest common factor of t and y?
6
Suppose 6*v = 3*v + 2*q - 916, -5*v - 1535 = 5*q. Let j = v + 336. Calculate the greatest common factor of j and 960.
30
Let f(o) = -16*o + 4. Let a be f(-2). Suppose a*y = 35*y - 1. Let t be (-33)/y*7/21. What is the highest common factor of 77 and t?
11
Let o(c) = -c**3 + 52*c**2 - 46*c + 17. Let j be o(51). Let q be (9 + -3 + -4)*17. What is the greatest common divisor of j and q?
34
Let q be (1813/42 + 224/(-84))*2*1. Calculate the highest common divisor of q and 25191.
81
Suppose 0 = 3*o - 16 + 10. Suppose o*v = v + 13. Suppose -2*t - 18 = -2*b, 4*b - 43 = -4*t + 25. What is the highest common factor of v and b?
13
Suppose -3369 = -15*z + 1146. Calculate the greatest common divisor of z and 21.
7
Let t(c) = -3*c**3 - 22*c**2 + 9*c + 7. Let u be t(-8). Let p be (-1)/2*(-1 + -153). Let s = p - u. Calculate the greatest common factor of s and 56.
14
Let c be (-6)/((-84)/7)*2. Let z be (0/(-2))/(-7) + (c - -12). What is the highest common divisor of 234 and z?
13
Let d = -1427 - -1752. What is the highest common factor of d and 13?
13
Suppose 0 = -265*l + 250*l + 18870. Calculate the greatest common divisor of 370 and l.
74
Suppose 0 = 5*m - 12*c + 14*c - 185, c - 190 = -5*m. Suppose 46*n = 44*n + 52. Calculate the highest common divisor of m and n.
13
Let d(n) = n**3 + 3*n**2 - 4*n - 3. Let m be d(-3). Let s = -1055 - -1176. Let z = s - 40. Calculate the highest common divisor of m and z.
9
Suppose -9*h - 229 - 1211 = 0. Let p = h + 173. Calculate the highest common divisor of 26 and p.
13
Let c = 3722 - -5501. Calculate the greatest common divisor of c and 23.
23
Let p be (-69820)/(-15) - 5*1/(-15). What is the greatest common divisor of 95 and p?
95
Suppose -3105 = -109*i - 271. Calculate the highest common factor of i and 3653.
13
Suppose -36*a + 99575 = 25451. Calculate the greatest common factor of a and 284.
71
Let n be 0/(11/(22/(-4))). Suppose 3*v = 3*b - 669, -b + 2*v + 222 = -n*b. Calculate the highest common divisor of 7 and b.
7
Suppose 4*y = -5*n - 11, -2*n = -5*y - 17 - 5. Let i(x) = -8*x + 32. Let v be i(y). What is the greatest common divisor of v and 32?
32
Suppose -v + 106 = -5*i, -3*v - 2*i + 131 = -136. Suppose -7*t - 9 = 47. Let o = t - -15. Calculate the greatest common divisor of o and v.
7
Suppose -4482 + 2610 = -52*b. Calculate the highest common divisor of b and 1212.
12
Suppose 6*j = 1472 + 1444. Suppose 3*u + j = 12*u. Calculate the greatest common factor of 189 and u.
27
Let t be (77 + -82)/((-16)/55 - (-3)/15). Let z be 2 + 21 + 0 - 1. What is the highest common divisor of z and t?
11
Let k(h) = -22*h - 8 + 10*h**3 + 3*h**2 + 4 - 24*h + 47*h. Let s be k(4). What is the greatest common divisor of s and 16?
16
Suppose 2*p = l - 68, -2*l + 171 = l + 5*p. Suppose -17*z - 97 = 5. Let b = l + z. What is the greatest common divisor of b and 42?
14
Suppose 0 = -16*y + 8*y + 24. Let l be y/2 - 6/(60/35). Let k be (-65 - (-25)/5)/l. What is the highest common divisor of k and 45?
15
Let q be (95/(-190))/(2/(-56)). Let m = 9 - 5. Suppose 0*z - 5*a - 47 = -2*z, -3*a = -m*z + 87. Calculate the greatest common divisor of q and z.
7
Suppose h + m = 5*m + 155, -2*h - 5*m + 375 = 0. Let c be (5/(-9))/((-1)/45). What is the greatest common divisor of h and c?
25
Let h be ((-3)/(-6))/(-18 - (-11034)/612). What is the highest common divisor of h and 1343?
17
Suppose -2*y - 140 = 2*b, -3*b - 5*y = -9*y + 196. Let k be (708/18)/((-2)/3). Let n = k - b. Calculate the highest common factor of n and 1.
1
Let c be 3 + 2/3*63. Let s = 18 - c. Let